{"id":23,"date":"2020-01-28T16:45:20","date_gmt":"2020-01-28T15:45:20","guid":{"rendered":"http:\/\/jante-alu-renovation.fr\/?page_id=23"},"modified":"2023-08-29T11:34:17","modified_gmt":"2023-08-29T09:34:17","slug":"prestations","status":"publish","type":"page","link":"https:\/\/jante-alu-renovation.fr\/?page_id=23","title":{"rendered":"Prestations"},"content":{"rendered":"<div  data-label=\"Pricing\" data-id=\"pricing--1\" data-export-id=\"pricing-1\" data-category=\"pricing\" data-featured-class=\"pricing-featured\" class=\"pricing-1 content-section content-section-spacing\" id=\"pricing-1\" style=\"background-color: rgb(255, 255, 255);\"><div  class=\"gridContainer\"> <div  class=\"row\"><div  data-type=\"column\" class=\"section-title-col\"> <h4  class=\"\"><span  style=\"color: rgb(221, 153, 51);\">PROFESSIONNELS, PARTICULIERS :&nbsp;<\/span><\/h4><h2  class=\"text-center\"><span  style=\"font-family: &quot;Playfair Display&quot;, arial, helvetica, sans-serif;\">Nos tarifs commencent \u00e0 partir de \u2026<\/span><\/h2> <p  class=\"lead\">Prix TTC<\/p><\/div> <\/div> <div  data-type=\"row\" class=\"row spaced-cols\"> <div  class=\"col-xs-12 col-sm-6 text-center col-md-4 \"> <div  class=\"card shadow-small rounded\" data-default=\"shadow-small\" data-featured=\"shadow-large\" data-type=\"column\"> <h3  class=\"font-300 upper\">R\u00c9NOVATION JANTES UNIES<\/h3> <h3  class=\"h1\">96 \u20ac<\/h3>  <ul  data-default=\"no-class\" data-featured=\"strong\" class=\"unstyled checked decoration-color1 black text-center\"><\/ul> <a  class=\"button upper y-move color1\" href=\"#\" data-default=\"color1\" data-featured=\"color2\">Get Started<\/a><\/div> <\/div> <div  class=\"col-xs-12 col-sm-6 text-center pricing-featured col-md-4 \"> <div  class=\"card rounded shadow-large\" data-default=\"shadow-small\" data-featured=\"shadow-large\" data-type=\"column\"> <h3  class=\"font-300 upper\">R\u00c9NOVATION JANTES POLIES<\/h3> <h3  class=\"h1\">144 \u20ac<\/h3>   <a class=\"button upper y-move color1\" href=\"#\" data-default=\"color1\" data-featured=\"color2\" target=\"_self\" data-cp-link=\"1\" data-icon=\"\" rel=\"noopener noreferrer\">Get Started<\/a><\/div> <\/div> <div  class=\"col-xs-12 col-sm-6 text-center col-md-4 \"> <div  class=\"card shadow-small rounded\" data-default=\"shadow-small\" data-featured=\"shadow-large\" data-type=\"column\"> <h3  class=\"font-300 upper\">D\u00c9VOILAGE<\/h3> <h3  class=\"h1\">120 \u20ac<\/h3>  <ul  data-default=\"no-class\" data-featured=\"strong\" class=\"unstyled checked decoration-color1 black text-center\"><li >60\u20ac HT si associ\u00e9 \u00e0 une r\u00e9novation<\/li><\/ul> <a  class=\"button upper y-move color1\" href=\"#\" data-default=\"color1\" data-featured=\"color2\">Get Started<\/a><\/div> <\/div> <\/div> <\/div><\/div>","protected":false},"excerpt":{"rendered":"<p>PROFESSIONNELS, PARTICULIERS :&nbsp;Nos tarifs commencent \u00e0 partir de \u2026 Prix TTC R\u00c9NOVATION JANTES UNIES 96 \u20ac Get Started R\u00c9NOVATION JANTES POLIES 144 \u20ac Get Started D\u00c9VOILAGE 120 \u20ac 60\u20ac HT si associ\u00e9 \u00e0 une r\u00e9novation Get Started<\/p>\n","protected":false},"author":1,"featured_media":0,"parent":0,"menu_order":0,"comment_status":"closed","ping_status":"closed","template":"pro\/page-templates\/full-width-page.php","meta":{"footnotes":""},"class_list":["post-23","page","type-page","status-publish","hentry"],"_links":{"self":[{"href":"https:\/\/jante-alu-renovation.fr\/index.php?rest_route=\/wp\/v2\/pages\/23","targetHints":{"allow":["GET"]}}],"collection":[{"href":"https:\/\/jante-alu-renovation.fr\/index.php?rest_route=\/wp\/v2\/pages"}],"about":[{"href":"https:\/\/jante-alu-renovation.fr\/index.php?rest_route=\/wp\/v2\/types\/page"}],"author":[{"embeddable":true,"href":"https:\/\/jante-alu-renovation.fr\/index.php?rest_route=\/wp\/v2\/users\/1"}],"replies":[{"embeddable":true,"href":"https:\/\/jante-alu-renovation.fr\/index.php?rest_route=%2Fwp%2Fv2%2Fcomments&post=23"}],"version-history":[{"count":8,"href":"https:\/\/jante-alu-renovation.fr\/index.php?rest_route=\/wp\/v2\/pages\/23\/revisions"}],"predecessor-version":[{"id":322,"href":"https:\/\/jante-alu-renovation.fr\/index.php?rest_route=\/wp\/v2\/pages\/23\/revisions\/322"}],"wp:attachment":[{"href":"https:\/\/jante-alu-renovation.fr\/index.php?rest_route=%2Fwp%2Fv2%2Fmedia&parent=23"}],"curies":[{"name":"wp","href":"https:\/\/api.w.org\/{rel}","templated":true}]}}